What is the greatest common factor of 114 and 9?
3
Calculate the greatest common factor of 96 and 222.
6
Calculate the highest common factor of 1098 and 54.
18
Calculate the greatest common divisor of 30 and 3580.
10
What is the highest common divisor of 686 and 56?
14
Calculate the greatest common factor of 1207 and 17.
17
What is the greatest common divisor of 2379 and 39?
39
What is the highest common divisor of 224 and 476?
28
What is the highest common divisor of 46 and 2369?
23
What is the highest common divisor of 12 and 8310?
6
What is the highest common factor of 2 and 22?
2
Calculate the greatest common factor of 26391 and 57.
57
Calculate the highest common factor of 132 and 7908.
12
Calculate the highest common divisor of 24 and 7416.
24
Calculate the greatest common divisor of 4089 and 329.
47
What is the greatest common divisor of 45 and 342?
9
Calculate the greatest common factor of 212 and 530.
106
What is the highest common divisor of 14 and 55748?
14
Calculate the greatest common factor of 34 and 85.
17
What is the highest common divisor of 64 and 8?
8
What is the highest common divisor of 343 and 490?
49
Calculate the greatest common divisor of 1475 and 75.
25
Calculate the highest common factor of 5980 and 368.
92
Calculate the greatest common divisor of 2690 and 30.
10
Calculate the greatest common factor of 1131 and 78.
39
What is the greatest common factor of 435 and 30?
15
What is the greatest common factor of 884 and 676?
52
What is the highest common divisor of 806 and 496?
62
What is the highest common factor of 13801 and 37?
37
What is the highest common factor of 238 and 187?
17
What is the greatest common divisor of 136 and 102?
34
Calculate the highest common factor of 2024 and 616.
88
What is the highest common factor of 195 and 435?
15
What is the greatest common factor of 18 and 51?
3
What is the greatest common divisor of 445 and 5?
5
Calculate the highest common divisor of 3848 and 208.
104
What is the greatest common divisor of 344 and 129?
43
What is the greatest common divisor of 1362 and 12?
6
Calculate the greatest common factor of 76 and 285.
19
What is the highest common factor of 216 and 6453?
27
What is the greatest common divisor of 2 and 134?
2
What is the highest common factor of 116 and 203?
29
What is the greatest common factor of 280 and 80?
40
What is the highest common factor of 9 and 9?
9
Calculate the highest common divisor of 95 and 11210.
95
Calculate the greatest common divisor of 17 and 1054.
17
Calculate the highest common divisor of 106 and 477.
53
What is the greatest common factor of 1300 and 500?
100
Calculate the highest common factor of 418 and 76.
38
What is the greatest common factor of 36 and 1467?
9
Calculate the greatest common factor of 72 and 225.
9
Calculate the greatest common factor of 70 and 210.
70
Calculate the greatest common divisor of 14 and 210.
14
What is the greatest common divisor of 1044 and 58?
58
Calculate the greatest common divisor of 40 and 1830.
10
What is the highest common divisor of 65 and 143?
13
Calculate the greatest common factor of 90 and 510.
30
Calculate the greatest common factor of 605 and 77.
11
Calculate the highest common divisor of 954 and 18.
18
What is the highest common factor of 331 and 1?
1
What is the greatest common divisor of 522 and 54?
18
Calculate the greatest common divisor of 385 and 275.
55
Calculate the highest common factor of 10 and 7.
1
What is the highest common factor of 35 and 665?
35
Calculate the highest common factor of 546 and 234.
78
Calculate the highest common factor of 143 and 22.
11
Calculate the greatest common divisor of 437 and 190.
19
What is the greatest common factor of 801 and 81?
9
Calculate the greatest common divisor of 93 and 1767.
93
Calculate the greatest common factor of 325 and 78.
13
Calculate the highest common factor of 100 and 100.
100
Calculate the greatest common divisor of 54 and 11214.
18
What is the highest common factor of 13054 and 122?
122
What is the greatest common factor of 872 and 2725?
109
What is the greatest common divisor of 377 and 58?
29
Calculate the highest common factor of 115 and 30.
5
Calculate the highest common factor of 1635 and 60.
15
What is the highest common divisor of 64 and 72?
8
What is the greatest common factor of 45 and 4650?
15
What is the highest common factor of 44 and 1716?
44
Calculate the greatest common divisor of 301 and 49.
7
Calculate the greatest common divisor of 594 and 22.
22
What is the greatest common divisor of 10 and 15?
5
Calculate the greatest common divisor of 6 and 150.
6
What is the highest common factor of 45 and 12?
3
What is the highest common factor of 536 and 670?
134
What is the greatest common divisor of 2015 and 195?
65
Calculate the greatest common factor of 176 and 4400.
176
Calculate the highest common divisor of 5579 and 7.
7
Calculate the greatest common factor of 837 and 27.
27
Calculate the highest common divisor of 28 and 70.
14
What is the highest common factor of 1189 and 82?
41
What is the highest common factor of 25 and 400?
25
What is the highest common factor of 111 and 518?
37
What is the greatest common factor of 152 and 266?
38
Calculate the highest common divisor of 28 and 63.
7
Calculate the greatest common factor of 2001 and 87.
87
Calculate the highest common factor of 200 and 625.
25
What is the greatest common factor of 58 and 29?
29
What is the highest common factor of 1 and 25?
1
What is the greatest common divisor of 266 and 56?
14
What is the highest common divisor of 23674 and 1596?
266
What is the greatest common factor of 141 and 188?
47
Calculate the highest common factor of 10 and 10495.
5
What is the highest common factor of 1312 and 3444?
164
Calculate the greatest common divisor of 258 and 5848.
86
Calculate the greatest common divisor of 2780 and 417.
139
What is the highest common divisor of 34 and 578?
34
What is the greatest common divisor of 2738 and 814?
74
Calculate the highest common divisor of 288 and 54.
18
Calculate the highest common factor of 130 and 10.
10
What is the highest common factor of 3844 and 434?
62
What is the greatest common divisor of 2898 and 288?
18
What is the greatest common divisor of 4 and 212?
4
Calculate the greatest common factor of 8303 and 23.
23
What is the highest common factor of 133 and 266?
133
What is the highest common factor of 4537 and 195?
13
Calculate the highest common factor of 17 and 118.
1
Calculate the greatest common divisor of 1349 and 304.
19
Calculate the greatest common factor of 36 and 3807.
9
What is the greatest common factor of 30 and 980?
10
What is the greatest common factor of 172 and 86?
86
Calculate the highest common divisor of 1350 and 20.
10
Calculate the greatest common factor of 105 and 56.
7
Calculate the greatest common divisor of 3605 and 35.
35
What is the highest common factor of 9 and 27?
9
Calculate the highest common divisor of 86 and 1634.
86
What is the highest common factor of 31 and 84599?
31
Calculate the greatest common divisor of 10 and 24230.
10
Calculate the highest common factor of 2673 and 55.
11
What is the highest common factor of 759 and 23782?
253
What is the greatest common divisor of 645 and 15?
15
What is the highest common divisor of 6 and 3?
3
Calculate the highest common divisor of 144 and 3824.
16
Calculate the highest common divisor of 10320 and 120.
120
Calculate the highest common divisor of 3381 and 23.
23
What is the greatest common divisor of 2584 and 266?
38
Calculate the highest common factor of 209 and 47861.
209
Calculate the highest common factor of 42 and 24.
6
Calculate the greatest common divisor of 12 and 1524.
12
Calculate the highest common factor of 45 and 210.
15
Calculate the greatest common factor of 119 and 7.
7
Calculate the greatest common factor of 3 and 123.
3
Calculate the highest common factor of 901 and 187.
17
Calculate the highest common divisor of 66 and 3531.
33
What is the greatest common factor of 763 and 4251?
109
Calculate the greatest common factor of 36504 and 216.
216
Calculate the greatest common divisor of 132 and 957.
33
Calculate the greatest common divisor of 527 and 2356.
31
Calculate the highest common divisor of 12 and 498.
6
Calculate